the tens digit of 7168400?
0
What is the hundreds digit of 4075990?
9
What is the hundreds digit of 217549?
5
What is the millions digit of 6995796?
6
What is the hundred thousands digit of 362995?
3
What is the hundreds digit of 378033?
0
What is the hundred thousands digit of 305727?
3
What is the units digit of 476821?
1
What is the tens digit of 262560?
6
What is the ten thousands digit of 32489245?
8
What is the ten thousands digit of 108416?
0
What is the ten millions digit of 10655966?
1
What is the hundreds digit of 661065?
0
What is the units digit of 35283?
3
What is the millions digit of 16393931?
6
What is the units digit of 1170055?
5
What is the ten thousands digit of 146531?
4
What is the millions digit of 2102387?
2
What is the ten thousands digit of 680390?
8
What is the hundred thousands digit of 1195467?
1
What is the hundreds digit of 1986532?
5
What is the hundreds digit of 4170992?
9
What is the millions digit of 1340043?
1
What is the thousands digit of 75957?
5
What is the hundreds digit of 16519517?
5
What is the tens digit of 524093?
9
What is the thousands digit of 725254?
5
What is the units digit of 270790?
0
What is the units digit of 12723000?
0
What is the units digit of 631433?
3
What is the ten thousands digit of 18770?
1
What is the hundreds digit of 37436?
4
What is the millions digit of 2195123?
2
What is the hundreds digit of 1377403?
4
What is the hundred thousands digit of 2185307?
1
What is the tens digit of 16449744?
4
What is the units digit of 276532?
2
What is the thousands digit of 170018?
0
What is the units digit of 20383012?
2
What is the hundreds digit of 271121?
1
What is the hundred thousands digit of 948986?
9
What is the ten thousands digit of 41813?
4
What is the tens digit of 23596?
9
What is the thousands digit of 68016?
8
What is the ten thousands digit of 316605?
1
What is the ten thousands digit of 6177589?
7
What is the hundreds digit of 1359636?
6
What is the hundred thousands digit of 5096032?
0
What is the hundred thousands digit of 232398?
2
What is the tens digit of 111217?
1
What is the ten millions digit of 41067395?
4
What is the tens digit of 7351588?
8
What is the hundred thousands digit of 223179?
2
What is the units digit of 678345?
5
What is the hundreds digit of 75266?
2
What is the hundreds digit of 6949257?
2
What is the thousands digit of 675130?
5
What is the ten thousands digit of 5838953?
3
What is the hundred thousands digit of 430023?
4
What is the millions digit of 3545403?
3
What is the hundreds digit of 98889?
8
What is the tens digit of 379065?
6
What is the thousands digit of 695206?
5
What is the thousands digit of 224874?
4
What is the units digit of 104243?
3
What is the ten thousands digit of 1983975?
8
What is the thousands digit of 1049568?
9
What is the tens digit of 1338723?
2
What is the units digit of 6300782?
2
What is the ten millions digit of 23562981?
2
What is the hundreds digit of 9151555?
5
What is the hundred thousands digit of 1256574?
2
What is the ten thousands digit of 70055?
7
What is the hundreds digit of 397972?
9
What is the ten thousands digit of 651906?
5
What is the thousands digit of 8487989?
7
What is the ten thousands digit of 702071?
0
What is the ten thousands digit of 6567994?
6
What is the hundreds digit of 6078?
0
What is the hundreds digit of 43395?
3
What is the ten thousands digit of 833144?
3
What is the units digit of 955787?
7
What is the tens digit of 742507?
0
What is the tens digit of 321761?
6
What is the ten thousands digit of 241504?
4
What is the thousands digit of 472113?
2
What is the hundred thousands digit of 510662?
5
What is the hundreds digit of 183251?
2
What is the hundred thousands digit of 28408501?
4
What is the millions digit of 14210779?
4
What is the ten thousands digit of 533280?
3
What is the millions digit of 2531839?
2
What is the ten thousands digit of 2837133?
3
What is the hundreds digit of 8805477?
4
What is the hundreds digit of 4033?
0
What is the hundreds digit of 237430?
4
What is the hundreds digit of 1305606?
6
What is the units digit of 2984144?
4
What is the ten thousands digit of 10895?
1
What is the tens digit of 1905580?
8
What is the units digit of 134529?
9
What is the hundreds digit of 7935086?
0
What is the ten thousands digit of 665127?
6
What is the hundred thousands digit of 2888090?
8
What is the ten thousands digit of 1350213?
5
What is the units digit of 456883?
3
What is the hundreds digit of 318105?
1
What is the thousands digit of 293231?
3
What is the ten thousands digit of 78737?
7
What is the thousands digit of 189734?
9
What is the hundreds digit of 204218?
2
What is the hundreds digit of 1793077?
0
What is the units digit of 1164815?
5
What is the thousands digit of 983646?
3
What is the hundreds digit of 15370433?
4
What is the ten thousands digit of 282777?
8
What is the ten thousands digit of 2337858?
3
What is the ten thousands digit of 329342?
2
What is the thousands digit of 5310570?
0
What is the ten thousands digit of 366479?
6
What is the ten thousands digit of 244702?
4
What is the tens digit of 7578476?
7
What is the hundreds digit of 882000?
0
What is the units digit of 3855319?
9
What is the hundred thousands digit of 1936077?
9
What is the millions digit of 25969813?
5
What is the hundreds digit of 66516?
5
What is the tens digit of 2577382?
8
What is the ten millions digit of 15383099?
1
What is the hundred thousands digit of 1537887?
5
What is the thousands digit of 198255?
8
What is the thousands digit of 1208761?
8
What is the tens digit of 193644?
4
What is the hundred thousands digit of 3568794?
5
What is the tens digit of 12353552?
5
What is the millions digit of 3116264?
3
What is the hundred thousands digit of 4269658?
2
What is the hundreds digit of 41531?
5
What is the ten thousands digit of 1584916?
8
What is the thousands digit of 3332005?
2
What is the ten thousands digit of 10528950?
2
What is the hundreds digit of 8792887?
8
What is the hundred thousands digit of 186823?
1
What is the hundreds digit of 9972085?
0
What is the ten millions digit of 12831495?
1
What is the ten thousands digit of 422179?
2
What is the ten thousands digit of 1265294?
6
What is the hundred thousands digit of 417113?
4
What is the hundreds digit of 79719?
7
What is the thousands digit of 3287820?
7
What is the ten thousands digit of 14243114?
4
What is the ten thousands digit of 1314317?
1
What is the units digit of 5772509?
9
What is the ten thousands digit of 63204?
6
What is the hundred thousands digit of 10502766?
5
What is the ten thousands digit of 14441?
1
What is the hundred thousands digit of 2950280?
9
What is the tens digit of 588596?
9
What is the hundreds digit of 3166747?
7
What is the hundred thousands digit of 527116?
5
What is the tens digit of 595639?
3
What is the units digit of 491974?
4
What is the hundreds digit of 481127?
1
What is the thousands digit of 390146?
0
What is the ten thousands digit of 86737?
8
What is the hundreds digit of 7591833?
8
What is the hundreds digit of 532045?
0
What is the units digit of 339839?
9
What is the units digit of 4781201?
1
What is the hundreds digit of 80933?
9
What is the millions digit of 2007521?
2
What is the thousands digit of 428321?
8
What is the hundred thousands digit of 3419812?
4
What is the hundreds digit of 5113455?
4
What is the hundreds digit of 876636?
6
What is the hundreds digit of 417190?
1
What is the units digit of 2770394?
4
What is the tens digit of 220683?
8
What is the hundreds digit of 3036228?
2
What is the units digit of 203014?
4
What is the units digit of 13341?
1
What is the units digit of 2298433?
3
What is the millions digit of 9637061?
9
What is the hundreds digit of 892191?
1
What is the hundred thousands digit of 1913115?
9
What is the thousands digit of 6782044?
2
What is the hundreds digit of 1651235?
2
What is the thousands digit of 2034983?
4
What is the millions digit of 2075809?
2
What is the hundred thousands digit of 4806749?
8
What is the ten thousands digit of 59052?
5
What is the thousands digit of 58740?
8
What is the ten thousands digit of 8781201?
8
What is the hundred thousands digit of 5355418?
3
What is the millions digit of 1088230?
